{"id":189,"date":"2026-04-03T12:07:56","date_gmt":"2026-04-03T10:07:56","guid":{"rendered":"https:\/\/duodesarbres.fr\/?page_id=189"},"modified":"2026-04-13T11:08:30","modified_gmt":"2026-04-13T09:08:30","slug":"nos-services","status":"publish","type":"page","link":"https:\/\/duodesarbres.fr\/index.php\/nos-services\/","title":{"rendered":"nos services"},"content":{"rendered":"\n<div class=\"wp-block-columns is-layout-flex wp-container-core-columns-is-layout-9d6595d7 wp-block-columns-is-layout-flex\">\n<div class=\"wp-block-column is-layout-flow wp-block-column-is-layout-flow\" style=\"flex-basis:66.66%\">\n<div style=\"height:49px\" aria-hidden=\"true\" class=\"wp-block-spacer\"><\/div>\n\n\n\n<p>Nous accompagnons vos espaces arbor\u00e9s avec une approche \u00e0 la fois technique, sensible et engag\u00e9e.<br>Notre m\u00e9tier : prendre soin du vivant, sublimer les paysages et intervenir avec justesse, dans le respect de chaque environnement.<\/p>\n\n\n\n<p>Alliant savoir-faire technique, respect du vivant et sens du d\u00e9tail, nous adaptons chacune de nos interventions \u00e0 votre environnement et \u00e0 vos attentes sp\u00e9cifiques.<\/p>\n<\/div>\n\n\n\n<div class=\"wp-block-column is-layout-flow wp-block-column-is-layout-flow\" style=\"flex-basis:33.33%\"><div class=\"wp-block-image\">\n<figure class=\"aligncenter size-large is-resized\"><a href=\"http:\/\/duodesarbres.fr\/wp-content\/uploads\/2026\/04\/36.jpg\"><img loading=\"lazy\" decoding=\"async\" width=\"570\" height=\"1024\" src=\"http:\/\/duodesarbres.fr\/wp-content\/uploads\/2026\/04\/36-570x1024.jpg\" alt=\"\" class=\"wp-image-420\" style=\"aspect-ratio:0.5566337842614312;width:208px;height:auto\" srcset=\"https:\/\/duodesarbres.fr\/wp-content\/uploads\/2026\/04\/36-570x1024.jpg 570w, https:\/\/duodesarbres.fr\/wp-content\/uploads\/2026\/04\/36-167x300.jpg 167w, https:\/\/duodesarbres.fr\/wp-content\/uploads\/2026\/04\/36.jpg 600w\" sizes=\"auto, (max-width: 570px) 100vw, 570px\" \/><\/a><\/figure>\n<\/div><\/div>\n<\/div>\n\n\n\n<div class=\"wp-block-columns is-layout-flex wp-container-core-columns-is-layout-9d6595d7 wp-block-columns-is-layout-flex\">\n<div class=\"wp-block-column is-layout-flow wp-block-column-is-layout-flow\">\n<p><strong><a href=\"http:\/\/duodesarbres.fr\/index.php\/nos-services\/elagage\/\" type=\"page\" id=\"19\">\u00c9lagage et soins arboricoles<\/a><\/strong><\/p>\n\n\n\n<p>Parce que chaque arbre est unique, nous privil\u00e9gions des interventions pr\u00e9cises et respectueuses de son d\u00e9veloppement naturel :<\/p>\n\n\n\n<ul class=\"wp-block-list\">\n<li>Taille raisonn\u00e9e, dans le respect de la physiologie de l\u2019arbre<\/li>\n\n\n\n<li>Taille d\u2019adaptation, pour concilier contraintes environnementales et esth\u00e9tiques<\/li>\n\n\n\n<li>Taille sanitaire, visant \u00e0 pr\u00e9server la sant\u00e9 et la p\u00e9rennit\u00e9 du v\u00e9g\u00e9tal<\/li>\n<\/ul>\n\n\n\n<figure class=\"wp-block-image size-full\"><a href=\"http:\/\/duodesarbres.fr\/index.php\/nos-services\/elagage\/\"><img loading=\"lazy\" decoding=\"async\" width=\"800\" height=\"601\" src=\"http:\/\/duodesarbres.fr\/wp-content\/uploads\/2026\/04\/IMG_20250619_081217.jpg\" alt=\"\" class=\"wp-image-428\" srcset=\"https:\/\/duodesarbres.fr\/wp-content\/uploads\/2026\/04\/IMG_20250619_081217.jpg 800w, https:\/\/duodesarbres.fr\/wp-content\/uploads\/2026\/04\/IMG_20250619_081217-300x225.jpg 300w, https:\/\/duodesarbres.fr\/wp-content\/uploads\/2026\/04\/IMG_20250619_081217-768x577.jpg 768w\" sizes=\"auto, (max-width: 800px) 100vw, 800px\" \/><\/a><\/figure>\n<\/div>\n\n\n\n<div class=\"wp-block-column is-layout-flow wp-block-column-is-layout-flow\">\n<p><strong><a href=\"http:\/\/duodesarbres.fr\/index.php\/nos-services\/abattage\/\" type=\"page\" id=\"21\">Abattage ma\u00eetris\u00e9<\/a><\/strong><br><strong><a href=\"http:\/\/duodesarbres.fr\/index.php\/nos-services\/abattage\/\" type=\"page\" id=\"21\"><br><\/a><\/strong>Lorsque la situation l\u2019impose, nous intervenons avec pr\u00e9cision et ma\u00eetrise, y compris dans les contextes les plus contraints :<\/p>\n\n\n\n<ul class=\"wp-block-list\">\n<li>Abattage technique<\/li>\n\n\n\n<li>D\u00e9montage simple<\/li>\n\n\n\n<li>D\u00e9montage avec r\u00e9tention, pour une intervention en douceur dans les environnements sensibles<\/li>\n<\/ul>\n\n\n\n<div style=\"height:49px\" aria-hidden=\"true\" class=\"wp-block-spacer\"><\/div>\n\n\n\n<figure class=\"wp-block-image size-full\"><a href=\"http:\/\/duodesarbres.fr\/index.php\/nos-services\/abattage\/\"><img loading=\"lazy\" decoding=\"async\" width=\"800\" height=\"603\" src=\"http:\/\/duodesarbres.fr\/wp-content\/uploads\/2026\/04\/IMG_20260212_105852.jpg\" alt=\"\" class=\"wp-image-427\" srcset=\"https:\/\/duodesarbres.fr\/wp-content\/uploads\/2026\/04\/IMG_20260212_105852.jpg 800w, https:\/\/duodesarbres.fr\/wp-content\/uploads\/2026\/04\/IMG_20260212_105852-300x226.jpg 300w, https:\/\/duodesarbres.fr\/wp-content\/uploads\/2026\/04\/IMG_20260212_105852-768x579.jpg 768w\" sizes=\"auto, (max-width: 800px) 100vw, 800px\" \/><\/a><\/figure>\n<\/div>\n\n\n\n<div class=\"wp-block-column is-layout-flow wp-block-column-is-layout-flow\">\n<p><strong><a href=\"http:\/\/duodesarbres.fr\/index.php\/nos-services\/valorisation-du-bois-et-des-dechets\/\" type=\"page\" id=\"203\">Valorisation et transformation du bois<\/a><\/strong><\/p>\n\n\n\n<p>Dans une d\u00e9marche responsable, nous donnons une seconde vie aux mati\u00e8res issues de nos interventions :<\/p>\n\n\n\n<ul class=\"wp-block-list\">\n<li>Broyage de souches<\/li>\n\n\n\n<li>Broyage de branches<\/li>\n\n\n\n<li>Sciage en long, pour une valorisation sur mesure<\/li>\n<\/ul>\n\n\n\n<div style=\"height:105px\" aria-hidden=\"true\" class=\"wp-block-spacer\"><\/div>\n\n\n\n<figure class=\"wp-block-image size-full\"><a href=\"http:\/\/duodesarbres.fr\/index.php\/nos-services\/valorisation-du-bois-et-des-dechets\/\"><img loading=\"lazy\" decoding=\"async\" width=\"800\" height=\"601\" src=\"http:\/\/duodesarbres.fr\/wp-content\/uploads\/2026\/04\/IMG_20240619_170349.jpg\" alt=\"\" class=\"wp-image-426\" srcset=\"https:\/\/duodesarbres.fr\/wp-content\/uploads\/2026\/04\/IMG_20240619_170349.jpg 800w, https:\/\/duodesarbres.fr\/wp-content\/uploads\/2026\/04\/IMG_20240619_170349-300x225.jpg 300w, https:\/\/duodesarbres.fr\/wp-content\/uploads\/2026\/04\/IMG_20240619_170349-768x577.jpg 768w\" sizes=\"auto, (max-width: 800px) 100vw, 800px\" \/><\/a><\/figure>\n<\/div>\n<\/div>\n","protected":false},"excerpt":{"rendered":"<p>Nous accompagnons vos espaces arbor\u00e9s avec une approche \u00e0 la fois technique, sensible et engag\u00e9e.Notre m\u00e9tier : prendre soin du vivant, sublimer les paysages et intervenir avec justesse, dans le respect de chaque environnement. Alliant savoir-faire technique, respect du vivant et sens du d\u00e9tail, nous adaptons chacune de nos interventions \u00e0 votre environnement et \u00e0 [&hellip;]<\/p>\n","protected":false},"author":1,"featured_media":0,"parent":0,"menu_order":0,"comment_status":"closed","ping_status":"closed","template":"","meta":{"ocean_post_layout":"","ocean_both_sidebars_style":"","ocean_both_sidebars_content_width":0,"ocean_both_sidebars_sidebars_width":0,"ocean_sidebar":"","ocean_second_sidebar":"","ocean_disable_margins":"enable","ocean_add_body_class":"","ocean_shortcode_before_top_bar":"","ocean_shortcode_after_top_bar":"","ocean_shortcode_before_header":"","ocean_shortcode_after_header":"","ocean_has_shortcode":"","ocean_shortcode_after_title":"","ocean_shortcode_before_footer_widgets":"","ocean_shortcode_after_footer_widgets":"","ocean_shortcode_before_footer_bottom":"","ocean_shortcode_after_footer_bottom":"","ocean_display_top_bar":"default","ocean_display_header":"default","ocean_header_style":"","ocean_center_header_left_menu":"","ocean_custom_header_template":"","ocean_custom_logo":0,"ocean_custom_retina_logo":0,"ocean_custom_logo_max_width":0,"ocean_custom_logo_tablet_max_width":0,"ocean_custom_logo_mobile_max_width":0,"ocean_custom_logo_max_height":0,"ocean_custom_logo_tablet_max_height":0,"ocean_custom_logo_mobile_max_height":0,"ocean_header_custom_menu":"","ocean_menu_typo_font_family":"","ocean_menu_typo_font_subset":"","ocean_menu_typo_font_size":0,"ocean_menu_typo_font_size_tablet":0,"ocean_menu_typo_font_size_mobile":0,"ocean_menu_typo_font_size_unit":"px","ocean_menu_typo_font_weight":"","ocean_menu_typo_font_weight_tablet":"","ocean_menu_typo_font_weight_mobile":"","ocean_menu_typo_transform":"","ocean_menu_typo_transform_tablet":"","ocean_menu_typo_transform_mobile":"","ocean_menu_typo_line_height":0,"ocean_menu_typo_line_height_tablet":0,"ocean_menu_typo_line_height_mobile":0,"ocean_menu_typo_line_height_unit":"","ocean_menu_typo_spacing":0,"ocean_menu_typo_spacing_tablet":0,"ocean_menu_typo_spacing_mobile":0,"ocean_menu_typo_spacing_unit":"","ocean_menu_link_color":"","ocean_menu_link_color_hover":"","ocean_menu_link_color_active":"","ocean_menu_link_background":"","ocean_menu_link_hover_background":"","ocean_menu_link_active_background":"","ocean_menu_social_links_bg":"","ocean_menu_social_hover_links_bg":"","ocean_menu_social_links_color":"","ocean_menu_social_hover_links_color":"","ocean_disable_title":"default","ocean_disable_heading":"default","ocean_post_title":"","ocean_post_subheading":"","ocean_post_title_style":"","ocean_post_title_background_color":"","ocean_post_title_background":0,"ocean_post_title_bg_image_position":"","ocean_post_title_bg_image_attachment":"","ocean_post_title_bg_image_repeat":"","ocean_post_title_bg_image_size":"","ocean_post_title_height":0,"ocean_post_title_bg_overlay":0.5,"ocean_post_title_bg_overlay_color":"","ocean_disable_breadcrumbs":"default","ocean_breadcrumbs_color":"","ocean_breadcrumbs_separator_color":"","ocean_breadcrumbs_links_color":"","ocean_breadcrumbs_links_hover_color":"","ocean_display_footer_widgets":"default","ocean_display_footer_bottom":"default","ocean_custom_footer_template":"","footnotes":""},"class_list":["post-189","page","type-page","status-publish","hentry","entry"],"yoast_head":"<!-- This site is optimized with the Yoast SEO plugin v27.4 - https:\/\/yoast.com\/product\/yoast-seo-wordpress\/ -->\n<title>nos services - duo des arbres<\/title>\n<meta name=\"robots\" content=\"index, follow, max-snippet:-1, max-image-preview:large, max-video-preview:-1\" \/>\n<link rel=\"canonical\" href=\"https:\/\/duodesarbres.fr\/index.php\/nos-services\/\" \/>\n<meta property=\"og:locale\" content=\"fr_FR\" \/>\n<meta property=\"og:type\" content=\"article\" \/>\n<meta property=\"og:title\" content=\"nos services - duo des arbres\" \/>\n<meta property=\"og:description\" content=\"Nous accompagnons vos espaces arbor\u00e9s avec une approche \u00e0 la fois technique, sensible et engag\u00e9e.Notre m\u00e9tier : prendre soin du vivant, sublimer les paysages et intervenir avec justesse, dans le respect de chaque environnement. Alliant savoir-faire technique, respect du vivant et sens du d\u00e9tail, nous adaptons chacune de nos interventions \u00e0 votre environnement et \u00e0 [&hellip;]\" \/>\n<meta property=\"og:url\" content=\"https:\/\/duodesarbres.fr\/index.php\/nos-services\/\" \/>\n<meta property=\"og:site_name\" content=\"duo des arbres\" \/>\n<meta property=\"article:modified_time\" content=\"2026-04-13T09:08:30+00:00\" \/>\n<meta property=\"og:image\" content=\"http:\/\/duodesarbres.fr\/wp-content\/uploads\/2026\/04\/36-570x1024.jpg\" \/>\n<meta name=\"twitter:card\" content=\"summary_large_image\" \/>\n<meta name=\"twitter:label1\" content=\"Dur\u00e9e de lecture estim\u00e9e\" \/>\n\t<meta name=\"twitter:data1\" content=\"2 minutes\" \/>\n<script type=\"application\/ld+json\" class=\"yoast-schema-graph\">{\"@context\":\"https:\\\/\\\/schema.org\",\"@graph\":[{\"@type\":\"WebPage\",\"@id\":\"https:\\\/\\\/duodesarbres.fr\\\/index.php\\\/nos-services\\\/\",\"url\":\"https:\\\/\\\/duodesarbres.fr\\\/index.php\\\/nos-services\\\/\",\"name\":\"nos services - duo des arbres\",\"isPartOf\":{\"@id\":\"http:\\\/\\\/duodesarbres.fr\\\/#website\"},\"primaryImageOfPage\":{\"@id\":\"https:\\\/\\\/duodesarbres.fr\\\/index.php\\\/nos-services\\\/#primaryimage\"},\"image\":{\"@id\":\"https:\\\/\\\/duodesarbres.fr\\\/index.php\\\/nos-services\\\/#primaryimage\"},\"thumbnailUrl\":\"http:\\\/\\\/duodesarbres.fr\\\/wp-content\\\/uploads\\\/2026\\\/04\\\/36-570x1024.jpg\",\"datePublished\":\"2026-04-03T10:07:56+00:00\",\"dateModified\":\"2026-04-13T09:08:30+00:00\",\"breadcrumb\":{\"@id\":\"https:\\\/\\\/duodesarbres.fr\\\/index.php\\\/nos-services\\\/#breadcrumb\"},\"inLanguage\":\"fr-FR\",\"potentialAction\":[{\"@type\":\"ReadAction\",\"target\":[\"https:\\\/\\\/duodesarbres.fr\\\/index.php\\\/nos-services\\\/\"]}]},{\"@type\":\"ImageObject\",\"inLanguage\":\"fr-FR\",\"@id\":\"https:\\\/\\\/duodesarbres.fr\\\/index.php\\\/nos-services\\\/#primaryimage\",\"url\":\"https:\\\/\\\/duodesarbres.fr\\\/wp-content\\\/uploads\\\/2026\\\/04\\\/36.jpg\",\"contentUrl\":\"https:\\\/\\\/duodesarbres.fr\\\/wp-content\\\/uploads\\\/2026\\\/04\\\/36.jpg\",\"width\":600,\"height\":1078},{\"@type\":\"BreadcrumbList\",\"@id\":\"https:\\\/\\\/duodesarbres.fr\\\/index.php\\\/nos-services\\\/#breadcrumb\",\"itemListElement\":[{\"@type\":\"ListItem\",\"position\":1,\"name\":\"Accueil\",\"item\":\"http:\\\/\\\/duodesarbres.fr\\\/\"},{\"@type\":\"ListItem\",\"position\":2,\"name\":\"nos services\"}]},{\"@type\":\"WebSite\",\"@id\":\"http:\\\/\\\/duodesarbres.fr\\\/#website\",\"url\":\"http:\\\/\\\/duodesarbres.fr\\\/\",\"name\":\"duo des arbres\",\"description\":\"\u00e9lagage raisonn\u00e9, un avenir enracin\u00e9.\",\"publisher\":{\"@id\":\"http:\\\/\\\/duodesarbres.fr\\\/#organization\"},\"potentialAction\":[{\"@type\":\"SearchAction\",\"target\":{\"@type\":\"EntryPoint\",\"urlTemplate\":\"http:\\\/\\\/duodesarbres.fr\\\/?s={search_term_string}\"},\"query-input\":{\"@type\":\"PropertyValueSpecification\",\"valueRequired\":true,\"valueName\":\"search_term_string\"}}],\"inLanguage\":\"fr-FR\"},{\"@type\":\"Organization\",\"@id\":\"http:\\\/\\\/duodesarbres.fr\\\/#organization\",\"name\":\"duo des arbres\",\"url\":\"http:\\\/\\\/duodesarbres.fr\\\/\",\"logo\":{\"@type\":\"ImageObject\",\"inLanguage\":\"fr-FR\",\"@id\":\"http:\\\/\\\/duodesarbres.fr\\\/#\\\/schema\\\/logo\\\/image\\\/\",\"url\":\"https:\\\/\\\/duodesarbres.fr\\\/wp-content\\\/uploads\\\/2026\\\/04\\\/Duo-des-arbres.png\",\"contentUrl\":\"https:\\\/\\\/duodesarbres.fr\\\/wp-content\\\/uploads\\\/2026\\\/04\\\/Duo-des-arbres.png\",\"width\":800,\"height\":808,\"caption\":\"duo des arbres\"},\"image\":{\"@id\":\"http:\\\/\\\/duodesarbres.fr\\\/#\\\/schema\\\/logo\\\/image\\\/\"}}]}<\/script>\n<!-- \/ Yoast SEO plugin. -->","yoast_head_json":{"title":"nos services - duo des arbres","robots":{"index":"index","follow":"follow","max-snippet":"max-snippet:-1","max-image-preview":"max-image-preview:large","max-video-preview":"max-video-preview:-1"},"canonical":"https:\/\/duodesarbres.fr\/index.php\/nos-services\/","og_locale":"fr_FR","og_type":"article","og_title":"nos services - duo des arbres","og_description":"Nous accompagnons vos espaces arbor\u00e9s avec une approche \u00e0 la fois technique, sensible et engag\u00e9e.Notre m\u00e9tier : prendre soin du vivant, sublimer les paysages et intervenir avec justesse, dans le respect de chaque environnement. Alliant savoir-faire technique, respect du vivant et sens du d\u00e9tail, nous adaptons chacune de nos interventions \u00e0 votre environnement et \u00e0 [&hellip;]","og_url":"https:\/\/duodesarbres.fr\/index.php\/nos-services\/","og_site_name":"duo des arbres","article_modified_time":"2026-04-13T09:08:30+00:00","og_image":[{"url":"http:\/\/duodesarbres.fr\/wp-content\/uploads\/2026\/04\/36-570x1024.jpg","type":"","width":"","height":""}],"twitter_card":"summary_large_image","twitter_misc":{"Dur\u00e9e de lecture estim\u00e9e":"2 minutes"},"schema":{"@context":"https:\/\/schema.org","@graph":[{"@type":"WebPage","@id":"https:\/\/duodesarbres.fr\/index.php\/nos-services\/","url":"https:\/\/duodesarbres.fr\/index.php\/nos-services\/","name":"nos services - duo des arbres","isPartOf":{"@id":"http:\/\/duodesarbres.fr\/#website"},"primaryImageOfPage":{"@id":"https:\/\/duodesarbres.fr\/index.php\/nos-services\/#primaryimage"},"image":{"@id":"https:\/\/duodesarbres.fr\/index.php\/nos-services\/#primaryimage"},"thumbnailUrl":"http:\/\/duodesarbres.fr\/wp-content\/uploads\/2026\/04\/36-570x1024.jpg","datePublished":"2026-04-03T10:07:56+00:00","dateModified":"2026-04-13T09:08:30+00:00","breadcrumb":{"@id":"https:\/\/duodesarbres.fr\/index.php\/nos-services\/#breadcrumb"},"inLanguage":"fr-FR","potentialAction":[{"@type":"ReadAction","target":["https:\/\/duodesarbres.fr\/index.php\/nos-services\/"]}]},{"@type":"ImageObject","inLanguage":"fr-FR","@id":"https:\/\/duodesarbres.fr\/index.php\/nos-services\/#primaryimage","url":"https:\/\/duodesarbres.fr\/wp-content\/uploads\/2026\/04\/36.jpg","contentUrl":"https:\/\/duodesarbres.fr\/wp-content\/uploads\/2026\/04\/36.jpg","width":600,"height":1078},{"@type":"BreadcrumbList","@id":"https:\/\/duodesarbres.fr\/index.php\/nos-services\/#breadcrumb","itemListElement":[{"@type":"ListItem","position":1,"name":"Accueil","item":"http:\/\/duodesarbres.fr\/"},{"@type":"ListItem","position":2,"name":"nos services"}]},{"@type":"WebSite","@id":"http:\/\/duodesarbres.fr\/#website","url":"http:\/\/duodesarbres.fr\/","name":"duo des arbres","description":"\u00e9lagage raisonn\u00e9, un avenir enracin\u00e9.","publisher":{"@id":"http:\/\/duodesarbres.fr\/#organization"},"potentialAction":[{"@type":"SearchAction","target":{"@type":"EntryPoint","urlTemplate":"http:\/\/duodesarbres.fr\/?s={search_term_string}"},"query-input":{"@type":"PropertyValueSpecification","valueRequired":true,"valueName":"search_term_string"}}],"inLanguage":"fr-FR"},{"@type":"Organization","@id":"http:\/\/duodesarbres.fr\/#organization","name":"duo des arbres","url":"http:\/\/duodesarbres.fr\/","logo":{"@type":"ImageObject","inLanguage":"fr-FR","@id":"http:\/\/duodesarbres.fr\/#\/schema\/logo\/image\/","url":"https:\/\/duodesarbres.fr\/wp-content\/uploads\/2026\/04\/Duo-des-arbres.png","contentUrl":"https:\/\/duodesarbres.fr\/wp-content\/uploads\/2026\/04\/Duo-des-arbres.png","width":800,"height":808,"caption":"duo des arbres"},"image":{"@id":"http:\/\/duodesarbres.fr\/#\/schema\/logo\/image\/"}}]}},"_links":{"self":[{"href":"https:\/\/duodesarbres.fr\/index.php\/wp-json\/wp\/v2\/pages\/189","targetHints":{"allow":["GET"]}}],"collection":[{"href":"https:\/\/duodesarbres.fr\/index.php\/wp-json\/wp\/v2\/pages"}],"about":[{"href":"https:\/\/duodesarbres.fr\/index.php\/wp-json\/wp\/v2\/types\/page"}],"author":[{"embeddable":true,"href":"https:\/\/duodesarbres.fr\/index.php\/wp-json\/wp\/v2\/users\/1"}],"replies":[{"embeddable":true,"href":"https:\/\/duodesarbres.fr\/index.php\/wp-json\/wp\/v2\/comments?post=189"}],"version-history":[{"count":14,"href":"https:\/\/duodesarbres.fr\/index.php\/wp-json\/wp\/v2\/pages\/189\/revisions"}],"predecessor-version":[{"id":441,"href":"https:\/\/duodesarbres.fr\/index.php\/wp-json\/wp\/v2\/pages\/189\/revisions\/441"}],"wp:attachment":[{"href":"https:\/\/duodesarbres.fr\/index.php\/wp-json\/wp\/v2\/media?parent=189"}],"curies":[{"name":"wp","href":"https:\/\/api.w.org\/{rel}","templated":true}]}}